{"id":106,"date":"2016-05-29T21:22:12","date_gmt":"2016-05-29T19:22:12","guid":{"rendered":"http:\/\/finstraco.statis.biz\/?page_id=106"},"modified":"2016-05-31T20:27:15","modified_gmt":"2016-05-31T18:27:15","slug":"references","status":"publish","type":"page","link":"https:\/\/www.finstraco.sk\/index.php\/en\/references\/","title":{"rendered":"REFERENCES"},"content":{"rendered":"<p style=\"text-align: justify;\">Since its establishment in 2002, the company has executed a\u00a0wide scale of projects in\u00a0its\u00a0business field for many clients. The most significant are as follows:<\/p>\n<p style=\"text-align: justify;\">Bud\u00facnos\u0165 v podnikan\u00ed, civic association, Bratislava<\/p>\n<p style=\"text-align: justify;\">DARUTIL, .s.r.o., Dunajsk\u00e1 Streda<\/p>\n<p style=\"text-align: justify;\">Faculty of Economics of the Technical University of Ko\u0161ice \u2013 Department of Economic Theories<\/p>\n<p style=\"text-align: justify;\">EUROTARGET, s. r. o., Bratislava<\/p>\n<p style=\"text-align: justify;\">GRUNT, a. s., Bratislava<\/p>\n<p style=\"text-align: justify;\">HOLIDAY VILLAGE s. r. o., Boldog<\/p>\n<p style=\"text-align: justify;\">HORSONA, s.r.o., Trnava<\/p>\n<p style=\"text-align: justify;\">Hotel Delf\u00edn, s. r. o., Senec<\/p>\n<p style=\"text-align: justify;\">Hotel Zelen\u00fd dvor, s. r. o., Senec<\/p>\n<p style=\"text-align: justify;\">JAV\u2013AKC, Limited Liability Company, Vl\u010dany<\/p>\n<p style=\"text-align: justify;\">Self-governing Region of Ko\u0161ice \u2013 Department of Regional Development, Zoning and Environment, Office for Regional Development and Planning, Ko\u0161ice<\/p>\n<p style=\"text-align: justify;\">LUMAX, s.r.o., Senec<\/p>\n<p style=\"text-align: justify;\">Urban District of Bratislava \u2013 Jarovce<\/p>\n<p style=\"text-align: justify;\">Urban District of Bratislava \u2013 Podunajsk\u00e9 Biskupice<\/p>\n<p style=\"text-align: justify;\">Local Action Group Vodn\u00fd raj \u2013 Aquaparadiso \u2013 V\u00edziparadicsom, Mal\u00e9 Dvorn\u00edky<\/p>\n<p style=\"text-align: justify;\">Ministry of Construction and Regional Development of SR, Regional Development Support Agency, Bratislava<\/p>\n<p style=\"text-align: justify;\">NOVART, s.r.o., Bratislava<\/p>\n<p style=\"text-align: justify;\">Municipality of Borov\u00e1<\/p>\n<p style=\"text-align: justify;\">Municipality of Don\u00fd Chot\u00e1r<\/p>\n<p style=\"text-align: justify;\">Municipality of Horn\u00e1 Pot\u00f4\u0148<\/p>\n<p style=\"text-align: justify;\">Municipality of Hubina<\/p>\n<p style=\"text-align: justify;\">Osada DALLAS, spol. s\u00a0r.o., K\u013ea\u010dno<\/p>\n<p style=\"text-align: justify;\">Slovak Haemophilia Society, Bratislava<\/p>\n<p style=\"text-align: justify;\">TATRA REAL, a.s., Bratislava<\/p>\n<p style=\"text-align: justify;\">TRANSFER Slovensko, spol. s\u00a0r. o., Bratislava<\/p>\n<p style=\"text-align: justify;\">WASTE MANAGEMENT ASSOCIATION OF MUNICIPALITIES IN THE HORN\u00dd \u017dITN\u00dd OSTROV BASED IN \u0160AMOR\u00cdN, \u0160amor\u00edn<\/p>\n<p style=\"text-align: justify;\">Between 2012 and 2016 the company experts participated in preparation of several major as\u00a0well as small transport projects as subcontractors (feasibility studies, cost and benefit analyses, documentation for applications for support confirmation and for applications for\u00a0a\u00a0non-repayable financial contribution from OP Transport) for these clients:<\/p>\n<p style=\"text-align: justify;\">\u017deleznice Slovenskej republiky, Bratislava (Railways of the Slovak Republic, \u017dSR)<\/p>\n<p style=\"text-align: justify;\">\u017delezni\u010dn\u00e1 spolo\u010dnos\u0165 Slovensko, a.s. (ZSSK)<\/p>\n","protected":false},"excerpt":{"rendered":"<p>Since its establishment in 2002, the company has executed a\u00a0wide scale of projects in\u00a0its\u00a0business field for many clients. The most significant are as follows: Bud\u00facnos\u0165 v podnikan\u00ed, civic association, Bratislava DARUTIL, .s.r.o., Dunajsk\u00e1 Streda Faculty of Economics of the Technical University of Ko\u0161ice \u2013 Department of Economic Theories EUROTARGET, s. r. o., Bratislava GRUNT, a&#8230;.<\/p>\n","protected":false},"author":1,"featured_media":0,"parent":0,"menu_order":0,"comment_status":"closed","ping_status":"closed","template":"","meta":{"footnotes":""},"class_list":["post-106","page","type-page","status-publish","hentry"],"_links":{"self":[{"href":"https:\/\/www.finstraco.sk\/index.php\/wp-json\/wp\/v2\/pages\/106","targetHints":{"allow":["GET"]}}],"collection":[{"href":"https:\/\/www.finstraco.sk\/index.php\/wp-json\/wp\/v2\/pages"}],"about":[{"href":"https:\/\/www.finstraco.sk\/index.php\/wp-json\/wp\/v2\/types\/page"}],"author":[{"embeddable":true,"href":"https:\/\/www.finstraco.sk\/index.php\/wp-json\/wp\/v2\/users\/1"}],"replies":[{"embeddable":true,"href":"https:\/\/www.finstraco.sk\/index.php\/wp-json\/wp\/v2\/comments?post=106"}],"version-history":[{"count":2,"href":"https:\/\/www.finstraco.sk\/index.php\/wp-json\/wp\/v2\/pages\/106\/revisions"}],"predecessor-version":[{"id":201,"href":"https:\/\/www.finstraco.sk\/index.php\/wp-json\/wp\/v2\/pages\/106\/revisions\/201"}],"wp:attachment":[{"href":"https:\/\/www.finstraco.sk\/index.php\/wp-json\/wp\/v2\/media?parent=106"}],"curies":[{"name":"wp","href":"https:\/\/api.w.org\/{rel}","templated":true}]}}