{"id":13,"date":"2016-05-24T21:50:10","date_gmt":"2016-05-24T19:50:10","guid":{"rendered":"http:\/\/finstraco.statis.biz\/?page_id=13"},"modified":"2016-06-01T18:18:45","modified_gmt":"2016-06-01T16:18:45","slug":"profil-spolocnosti","status":"publish","type":"page","link":"https:\/\/www.finstraco.sk\/index.php\/sk\/profil-spolocnosti\/","title":{"rendered":"PROFIL SPOLO\u010cNOSTI"},"content":{"rendered":"<p style=\"text-align: justify;\"><strong>Z\u00c1KLADN\u00c9 INFORM\u00c1CIE<\/strong><\/p>\n<p style=\"text-align: justify;\">Spolo\u010dnos\u0165 FINSTRACO, s.r.o., bola zalo\u017een\u00e1 v roku 2002 skupinou renomovan\u00fdch odborn\u00edkov s dlhoro\u010dn\u00fdmi praktick\u00fdmi a riadiacimi sk\u00fasenos\u0165ami v oblasti strategick\u00e9ho mana\u017ementu, komer\u010dn\u00e9ho bankovn\u00edctva a ekonomick\u00e9ho v\u00fdskumu. Sme progres\u00edvnou a flexibilnou spolo\u010dnos\u0165ou, ktor\u00e1 dlhodobo \u00faspe\u0161ne p\u00f4sob\u00ed na trhu poradensk\u00fdch slu\u017eieb a zabezpe\u010duje kvalifikovan\u00e9 uspokojovanie potrieb, po\u017eiadaviek a o\u010dak\u00e1van\u00ed klientov.<\/p>\n<p style=\"text-align: justify;\">K cie\u013eov\u00fdm segmentom klientov spolo\u010dnosti FINSTRACO, s.r.o., patria:<\/p>\n<ul style=\"text-align: justify;\">\n<li>\u0161t\u00e1tny sektor<\/li>\n<li>samospr\u00e1vne subjekty<\/li>\n<li>podnikate\u013esk\u00e9 subjekty<\/li>\n<li>z\u00e1ujmov\u00e9 zdru\u017eenia a mimovl\u00e1dne organiz\u00e1cie.<\/li>\n<\/ul>\n<p style=\"text-align: justify;\">Na\u0161im klientom pon\u00fakame kvalitn\u00e9 kreat\u00edvne slu\u017eby zameran\u00e9 na oblas\u0165 strategick\u00e9ho mana\u017ementu, tvorby podnikate\u013esk\u00fdch koncepci\u00ed a projektov\u00e9ho financovania, vr\u00e1tane konkr\u00e9tnych praktick\u00fdch n\u00e1vrhov rie\u0161en\u00ed a technickej asistencie pri implement\u00e1cii projektov, ktor\u00e9 prispej\u00fa k ich rozvoju a dlhodobej \u00faspe\u0161nosti na globalizuj\u00facom sa trhu.<\/p>\n<p style=\"text-align: justify;\">K uzn\u00e1van\u00fdm hodnot\u00e1m na\u0161ej spolo\u010dnosti patr\u00ed:<\/p>\n<ul style=\"text-align: justify;\">\n<li><strong>profesionalita<\/strong> zalo\u017een\u00e1 na zodpovednom pr\u00edstupe k podnikaniu, na erudovanom pr\u00edstupe ku klientom a k obchodn\u00fdm partnerom, budovan\u00e1 na b\u00e1ze zodpovednosti za uspokojuj\u00face v\u00fdsledky, vz\u00e1jomnej d\u00f4very, etiky, transparentnosti, \u010destnosti, \u00facty a snahy o dlhodob\u00e9 partnerstvo<\/li>\n<li><strong>vysok\u00e1 kvalita<\/strong> v ka\u017edej na\u0161ej \u010dinnosti vych\u00e1dzaj\u00faca z odbornosti, z praxou overen\u00fdch sk\u00fasenost\u00ed, z neust\u00e1leho zlep\u0161ovania sa a vzdel\u00e1vania a z anga\u017eovanosti na\u0161ich spokojn\u00fdch, loj\u00e1lnych a diskr\u00e9tnych zamestnancov orientovan\u00fdch na dosahovanie po\u017eadovan\u00fdch v\u00fdsledkov<\/li>\n<li><strong>neust\u00e1le zlep\u0161ovanie a inovat\u00edvny pr\u00edstup<\/strong> k rie\u0161eniu individu\u00e1lnych potrieb a o\u010dak\u00e1van\u00ed na\u0161ich klientov zalo\u017een\u00fd na na\u0161ej ambici\u00f3znosti, na t\u00edmovej pr\u00e1ci, na flexibilite a otvorenosti nov\u00fdm my\u0161lienkam a v\u00fdzvam, na kreat\u00edvnosti, na inova\u010dn\u00fdch zru\u010dnostiach, na efekt\u00edvnych rie\u0161eniach a na schopnosti prenikn\u00fa\u0165 do probl\u00e9mov a s\u00favislost\u00ed, ktor\u00fd kreuje jedine\u010dn\u00fa pridan\u00fa hodnotu pre na\u0161ich klientov.<\/li>\n<\/ul>\n<p style=\"text-align: justify;\"><strong>V\u00cdZIA NA\u0160EJ SPOLO\u010cNOSTI<br \/>\n<\/strong><\/p>\n<p style=\"text-align: justify;\">Chceme by\u0165 dlhodobo \u00faspe\u0161nou, rozv\u00edjaj\u00facou sa a dynamickou spolo\u010dnos\u0165ou s adekv\u00e1tnou spolo\u010denskou zodpovednos\u0165ou, ktor\u00e1 poskytuje kvalifikovan\u00e9 poradensk\u00e9 slu\u017eby v oblasti strategick\u00e9ho a projektov\u00e9ho mana\u017ementu a podpory financovania rozvojov\u00fdch projektov pre svojich klientov a t\u00fdm prispieva k ich dynamick\u00e9mu rozvoju a dlhodobej prosperite.<\/p>\n","protected":false},"excerpt":{"rendered":"<p>Z\u00c1KLADN\u00c9 INFORM\u00c1CIE Spolo\u010dnos\u0165 FINSTRACO, s.r.o., bola zalo\u017een\u00e1 v roku 2002 skupinou renomovan\u00fdch odborn\u00edkov s dlhoro\u010dn\u00fdmi praktick\u00fdmi a riadiacimi sk\u00fasenos\u0165ami v oblasti strategick\u00e9ho mana\u017ementu, komer\u010dn\u00e9ho bankovn\u00edctva a ekonomick\u00e9ho v\u00fdskumu. Sme progres\u00edvnou a flexibilnou spolo\u010dnos\u0165ou, ktor\u00e1 dlhodobo \u00faspe\u0161ne p\u00f4sob\u00ed na trhu poradensk\u00fdch slu\u017eieb a zabezpe\u010duje kvalifikovan\u00e9 uspokojovanie potrieb, po\u017eiadaviek a o\u010dak\u00e1van\u00ed klientov. K cie\u013eov\u00fdm segmentom klientov spolo\u010dnosti&#8230;<\/p>\n","protected":false},"author":1,"featured_media":0,"parent":0,"menu_order":0,"comment_status":"closed","ping_status":"closed","template":"","meta":{"footnotes":""},"class_list":["post-13","page","type-page","status-publish","hentry"],"_links":{"self":[{"href":"https:\/\/www.finstraco.sk\/index.php\/wp-json\/wp\/v2\/pages\/13","targetHints":{"allow":["GET"]}}],"collection":[{"href":"https:\/\/www.finstraco.sk\/index.php\/wp-json\/wp\/v2\/pages"}],"about":[{"href":"https:\/\/www.finstraco.sk\/index.php\/wp-json\/wp\/v2\/types\/page"}],"author":[{"embeddable":true,"href":"https:\/\/www.finstraco.sk\/index.php\/wp-json\/wp\/v2\/users\/1"}],"replies":[{"embeddable":true,"href":"https:\/\/www.finstraco.sk\/index.php\/wp-json\/wp\/v2\/comments?post=13"}],"version-history":[{"count":6,"href":"https:\/\/www.finstraco.sk\/index.php\/wp-json\/wp\/v2\/pages\/13\/revisions"}],"predecessor-version":[{"id":179,"href":"https:\/\/www.finstraco.sk\/index.php\/wp-json\/wp\/v2\/pages\/13\/revisions\/179"}],"wp:attachment":[{"href":"https:\/\/www.finstraco.sk\/index.php\/wp-json\/wp\/v2\/media?parent=13"}],"curies":[{"name":"wp","href":"https:\/\/api.w.org\/{rel}","templated":true}]}}